 divisor of 117 and 8333559.
117
What is the highest common divisor of 130677 and 129?
129
What is the greatest common factor of 48 and 35544?
24
Calculate the greatest common divisor of 1749 and 164989.
583
Calculate the highest common divisor of 3419 and 865533.
263
What is the highest common divisor of 2856 and 1512?
168
Calculate the highest common divisor of 231 and 951335.
77
Calculate the highest common divisor of 2186130 and 60.
30
What is the greatest common factor of 8057 and 399?
7
What is the highest common divisor of 3300 and 1156980?
660
What is the greatest common divisor of 570 and 230490?
30
Calculate the greatest common factor of 9694 and 222.
74
Calculate the greatest common divisor of 25120 and 65155.
785
Calculate the greatest common divisor of 66 and 972510.
66
What is the greatest common factor of 88 and 63724?
4
What is the highest common factor of 516 and 10600?
4
Calculate the greatest common factor of 21 and 249081.
21
What is the highest common divisor of 58 and 5245810?
58
Calculate the highest common divisor of 948 and 20382.
474
What is the highest common divisor of 15 and 121655?
5
Calculate the highest common divisor of 268 and 255404.
268
Calculate the highest common divisor of 150852 and 1599.
39
What is the greatest common divisor of 301 and 29369?
43
Calculate the greatest common factor of 25547 and 11691.
433
What is the greatest common divisor of 414 and 16992?
18
What is the highest common factor of 2775 and 152025?
75
Calculate the greatest common divisor of 125 and 40175.
25
Calculate the greatest common factor of 126 and 38598.
42
What is the highest common divisor of 849550 and 585?
65
What is the greatest common divisor of 5763 and 229277?
113
Calculate the greatest common divisor of 14 and 454720.
14
What is the highest common divisor of 625 and 5856875?
625
Calculate the greatest common factor of 9 and 88659.
9
Calculate the greatest common factor of 90 and 202590.
90
Calculate the greatest common divisor of 441 and 28077.
147
What is the highest common factor of 39 and 361634?
13
Calculate the greatest common factor of 261895 and 5.
5
Calculate the greatest common divisor of 215853 and 7161.
1023
What is the highest common divisor of 20561 and 2523?
29
Calculate the greatest common factor of 1222 and 5296759.
611
Calculate the greatest common divisor of 50 and 148760.
10
What is the highest common factor of 129380 and 700?
20
Calculate the highest common divisor of 47608 and 154.
22
Calculate the highest common factor of 1604820 and 252.
84
What is the greatest common divisor of 390 and 39630?
30
What is the highest common factor of 279 and 2331?
9
Calculate the highest common divisor of 38692 and 8228.
68
Calculate the greatest common divisor of 689 and 54886.
13
Calculate the greatest common divisor of 1180 and 150155.
295
What is the highest common factor of 175 and 3005030?
35
Calculate the highest common factor of 212278 and 44.
22
What is the greatest common divisor of 13640 and 1085?
155
Calculate the greatest common factor of 1159 and 190.
19
What is the greatest common factor of 50 and 353490?
10
What is the highest common factor of 32426 and 118198?
1046
What is the highest common divisor of 1048 and 664?
8
What is the greatest common factor of 112 and 110404?
28
Calculate the highest common factor of 27 and 1016883.
9
Calculate the greatest common divisor of 46 and 1695721.
23
What is the greatest common divisor of 3454 and 5038?
22
What is the highest common factor of 280410 and 1170?
390
Calculate the greatest common factor of 3836 and 1372.
28
Calculate the greatest common factor of 156 and 2368.
4
What is the highest common divisor of 880984 and 2?
2
What is the highest common divisor of 282 and 37083?
141
What is the highest common factor of 32 and 3222624?
32
Calculate the greatest common factor of 91675 and 8075.
475
What is the highest common factor of 3492 and 1236?
12
Calculate the greatest common factor of 2225 and 300.
25
What is the highest common factor of 373262 and 7736?
1934
Calculate the greatest common divisor of 2288 and 1672.
88
Calculate the highest common divisor of 48734 and 560.
14
Calculate the highest common factor of 13184 and 5562.
206
What is the highest common factor of 25536 and 40698?
798
Calculate the greatest common factor of 2775 and 5275.
25
What is the greatest common divisor of 27683 and 144666?
893
What is the greatest common divisor of 146970 and 2?
2
Calculate the greatest common divisor of 322 and 640458.
322
Calculate the greatest common divisor of 61063 and 37682.
227
Calculate the greatest common factor of 54816 and 1824.
96
What is the highest common factor of 88100 and 500?
100
What is the greatest common divisor of 390 and 5008120?
130
Calculate the greatest common factor of 1463 and 501391.
209
Calculate the greatest common factor of 582 and 42786.
6
Calculate the highest common divisor of 2420 and 11990.
110
What is the highest common factor of 24 and 95244?
12
What is the greatest common factor of 774501 and 2184?
273
What is the greatest common divisor of 5550 and 775?
25
What is the highest common factor of 1632 and 483936?
96
What is the highest common divisor of 544 and 864?
32
What is the highest common divisor of 70320 and 2352?
48
What is the greatest common factor of 1848 and 693528?
264
Calculate the greatest common factor of 1174554 and 54.
54
Calculate the highest common divisor of 322 and 230412.
14
Calculate the greatest common divisor of 105420 and 280.
140
Calculate the greatest common factor of 155 and 333436.
31
Calculate the greatest common divisor of 15 and 714765.
15
Calculate the highest common factor of 20889 and 2673.
99
Calculate the highest common factor of 160197 and 201.
201
Calculate the greatest common divisor of 162 and 334566.
18
Calculate the greatest common factor of 45588 and 1944.
12
What is the greatest common divisor of 18666 and 94916?
122
What is the greatest common factor of 20 and 2955740?
20
What is the greatest common factor of 115 and 2400395?
115
What is the highest common divisor of 344 and 246648?
344
Calculate the greatest common factor of 7851 and 6.
3
What is the highest common divisor of 12495 and 11220?
255
Calculate the greatest common factor of 1257 and 182265.
1257
What is the greatest common factor of 17 and 2939623?
17
What is the highest common divisor of 408 and 1184?
8
What is the highest common factor of 42 and 635448?
6
What is the greatest common divisor of 15548 and 1092?
52
Calculate the greatest common divisor of 606063 and 3.
3
What is the highest common divisor of 1445 and 4642207?
289
What is the greatest common divisor of 126 and 137907?
63
What is the greatest common divisor of 17585 and 10?
5
What is the greatest common factor of 112 and 1579200?
112
What is the greatest common factor of 205758 and 672?
42
Calculate the greatest common factor of 7 and 237307.
7
What is the highest common factor of 200 and 37550?
50
What is the greatest common factor of 476 and 6678518?
238
What is the highest common factor of 194395 and 255?
85
Calculate the highest common factor of 584 and 148.
4
Calculate the highest common factor of 513 and 7809.
57
Calculate the greatest common factor of 9 and 95868.
9
Calculate the highest common divisor of 175808 and 61664.
1312
What is the highest common factor of 1295 and 4699?
37
Calculate the greatest common factor of 69 and 165669.
69
Calculate the greatest common divisor of 52129 and 17864.
77
Calculate the highest common divisor of 411073 and 819.
13
What is the highest common factor of 7011038 and 17?
17
Calculate the greatest common divisor of 77503 and 194.
97
Calculate the highest common factor of 13433 and 494.
19
Calculate the highest common factor of 3854 and 1558.
82
What is the greatest common divisor of 132 and 548?
4
Calculate the highest common factor of 169994 and 44.
22
What is the highest common divisor of 124 and 5327939?
31
Calculate the highest common factor of 172800 and 70.
10
What is the highest common factor of 4508 and 98532?
644
What is the highest common divisor of 900256 and 32?
32
Calculate the highest common factor of 88922 and 346.
346
What is the greatest common factor of 1517 and 2542?
41
What is th